= 5*n, -249*y = -251*y - 5*n + 55353. What are the prime factors of y?
27689
Let y(m) = 144*m**2 + 65*m + 167. List the prime factors of y(-12).
20123
Let m = -99 - -529. Suppose 431*b = m*b + 455. What are the prime factors of b?
5, 7, 13
Let d(z) = 13 + 3934*z + 4*z**2 + 17 - 3937*z. List the prime factors of d(9).
3, 109
Let x(j) = -703*j**3 + j**2 + 3*j + 3. Let g = -304 + 303. List the prime factors of x(g).
2, 11
Suppose 92874 = 26*z - 33070. What are the prime factors of z?
2, 7, 173
Let g = 402 + -15. Suppose -t - g = p - 1084, 3*p = 4*t + 2056. List the prime factors of p.
2, 173
Suppose 18*y = 15*y. Suppose -f + y*f = -5*o - 142, 3*f - 386 = 5*o. List the prime factors of f.
2, 61
Let b be 6 + -3 + 4 + -4. Suppose 5*a + 3205 = 5*j, -b*j + 7*j - 2567 = 5*a. List the prime factors of j.
2, 11, 29
List the prime factors of (13188/10)/((-24)/(-60)) + -6.
3, 1097
Let j = -6 - -11. Let y be (-4)/j + (-5593)/(-35). Let a = y - 41. List the prime factors of a.
2, 59
Let k = -5 + 7. Let z(n) be the third derivative of -n**4/24 + 4*n**3/3 + 157*n**2 - 3*n. List the prime factors of z(k).
2, 3
Let c(g) = -g**3 - 32*g**2 - 160*g + 7. Let u be c(-6). Suppose u*n - 42*n + 13607 = 0. List the prime factors of n.
1237
Suppose 3*i + 3*j + 12 = 0, 3*i + 5*j + 87 - 65 = 0. What are the prime factors of -8*i - (-1039 - 42)?
29, 37
Suppose 87*h - 93*h = -84894. List the prime factors of h.
14149
Suppose v = 6*v - 20. Suppose 9*o - 5*p + 709 = 12*o, -p + 5 = 0. Suppose -3*b - 3*z = -o, -76 = -b + v*z - 25. What are the prime factors of b?
71
Let x be 390 + -5 + 0 - (0 + -4). Suppose -4*r - x = -n, -3*r + 663 = 5*n - 1259. What are the prime factors of n?
5, 7, 11
Let i be 12 + -11 - (-1 + 0 - -2). Suppose f = i, 0 = -3*m + 2*m - 3*f + 216. List the prime factors of m.
2, 3
Let r = -119 + 139. List the prime factors of (8120/(-50))/((-8)/r).
2, 7, 29
Let z = -2909 - -1361. What are the prime factors of (-1 + 0)/(-9 + (-13926)/z)?
2, 3, 43
Suppose -1314 = -2*g + 4476. Suppose 15*x - 30*x = -g. List the prime factors of x.
193
Suppose 0 = -2*w - 6, 472*z - 467*z - 3*w - 41314 = 0. List the prime factors of z.
11, 751
Suppose 5*y - 127505 = 5*l, 3*l = 5*y - 71333 - 56172. What are the prime factors of y?
7, 3643
What are the prime factors of 2 + 17 + -172 + 35573?
2, 5, 7, 11, 23
Let v = -106 + 50. Let i = -1715 + 1671. Let w = i - v. What are the prime factors of w?
2, 3
Let d = -28096 + 48939. What are the prime factors of d?
19, 1097
Let v(z) = z**2 - 9*z - 22. Let i be v(19). Let b = 458 - i. List the prime factors of b.
2, 5, 29
Let j be 3 - (4 + -5) - -17. Let x = j - 18. Suppose -5*l + 261 = -x*i, 2*l - 96 = 2*i + 2*i. What are the prime factors of l?
2, 3
Let f(a) = 63*a**2 - 90*a + 887. What are the prime factors of f(12)?
13, 683
Suppose 12*c + 102 = 6*c. Let d = 423 + c. What are the prime factors of d?
2, 7, 29
Let x = -250 - -252. Suppose 605 = m - i, 3031 = -16*m + 21*m - x*i. List the prime factors of m.
607
Suppose -225*h + 1195529 + 44896 = 0. What are the prime factors of h?
37, 149
List the prime factors of (-4)/26 - ((-5046139)/637 - 21/49).
2, 17, 233
Suppose -13 - 17 = -3*g. Let p be 62*((-25)/g)/(-5). Suppose 5*i = -h + 19, 0 = 5*h - 6*h + i + p. What are the prime factors of h?
29
Let p be -7 + 1 - (-1295 + -31). Suppose -8*g = -12*g - 4*b + p, 4*g + 3*b = 1320. What are the prime factors of g?
2, 3, 5, 11
Let m(f) = -2*f**3 + 2*f + 688. Let z be m(0). Let y = z + -444. List the prime factors of y.
2, 61
Let v = -139 - -142. Suppose v*u + 336 = 4*u. List the prime factors of u.
2, 3, 7
Let z = -219 + 227. List the prime factors of (1 + 1)/(1340/(-170) + z).
17
List the prime factors of ((-16)/(-4))/4 + 9401 + 0.
2, 3, 1567
Let v = 25 + -22. Let d be (-5)/(-15)*29*v. Let c = d - 17. What are the prime factors of c?
2, 3
What are the prime factors of 1638868/85 + (-12)/15?
2, 5, 241
Let y(r) = r**3 - 4*r**2 - 2*r - 147. Let z(g) = -2*g**3 + 7*g**2 + 3*g + 294. Let d(l) = 7*y(l) + 4*z(l). List the prime factors of d(0).
3, 7
Let l(n) = 8*n + 27. Let v be l(-3). Suppose -v*t + d + 211 = -d, -d + 67 = t. Let m = t + -29. List the prime factors of m.
2, 5
Suppose 0 = -5*h + 4*n + 70961, 5*n + 2184 = 4*h - 54583. List the prime factors of h.
3, 19, 83
List the prime factors of ((-370212)/8)/(-3) + (-3 - 30/(-12)).
5, 617
Let b(o) = 350*o - 243. Suppose -c - 2*f = -3, -f - 9 = 21*c - 24*c. What are the prime factors of b(c)?
3, 269
Suppose 4*h - 17176 = -104*l + 102*l, -5*l + 4*h = -42954. List the prime factors of l.
2, 5, 859
Suppose 3*b + 5*d - 134815 = -43960, -4*d = -5*b + 151425. List the prime factors of b.
3, 5, 673
Suppose -3*h + 26424 = 2*q, 23*h - 27*h + 4*q = -35272. List the prime factors of h.
2, 2203
Let m(s) = 411*s**2 - 89*s - 181. What are the prime factors of m(-4)?
43, 157
Suppose 16229*y - 16248*y = -540645. What are the prime factors of y?
3, 5, 7, 271
Let r(c) be the third derivative of c**6/120 + c**5/6 + 7*c**4/24 + 23*c**3/6 - 25*c**2. List the prime factors of r(-6).
5
Let d(p) = -2*p - 4. Let i be d(-3). Suppose 1524 + 1882 = i*s. What are the prime factors of s?
13, 131
Let m = -40 + 51. Suppose 5*k = -l + 43, -3*l - 2 = -m. List the prime factors of (6/k + 1)*4/1.
7
Suppose -2*y - 10 = -3*y. Let a be 0 + 2 + (1455 - 101). What are the prime factors of a/y - (27/(-15))/(-3)?
3, 5
Let n(q) = 94*q**3 + 4*q**2 + 9*q - 2. What are the prime factors of n(4)?
2, 3, 1019
Suppose -2*q + 11*a + 43 = 12*a, -121 = -4*q + 5*a. Suppose q*g = 4*g + 12420. What are the prime factors of g?
3, 23
Suppose 5*d - 4*a + 3*a - 24372 = 0, 2*d + a - 9753 = 0. What are the prime factors of d?
3, 5, 13
Suppose 7*f - 14046 - 85253 = -5*a, -4*f + 56750 = -a. What are the prime factors of f?
3, 4729
Let n(d) = 470*d + 623. List the prime factors of n(1).
1093
Let c = 52 + -50. Let f be (c + 3)*(8/4 - 1). Suppose -f*k = -2*k - 3*y - 198, -2*k + 167 = 5*y. What are the prime factors of k?
71
Let p = -41 + 42. Let f be (3 - 3 - -1)/p*-1. What are the prime factors of (0 - f/(-2))/((-37)/5476)?
2, 37
Suppose -4*p - 4*f - 564 = 576, -858 = 3*p + 2*f. List the prime factors of (16/3)/(570/p + 2).
2
Let c(k) = k**3 + 91*k**2 - 127*k + 16. What are the prime factors of c(-30)?
2, 29363
Suppose -20*q + 594500 = 24*q - 15*q. List the prime factors of q.
2, 5, 41
Let u(g) = 1390*g**2 - 331*g - 1348. What are the prime factors of u(-4)?
2, 2777
Suppose 22*j = -4*x + 18*j + 26704, 3*j = -6*x + 40056. List the prime factors of x.
2, 1669
Let d = 892 + -888. Suppose g + d*z = 1458 + 553, 10 = 5*z. List the prime factors of g.
2003
Suppose 3*d + 27633 = l, 989*l = 986*l + d + 82947. What are the prime factors of l?
3, 13, 709
Let y = -155 + 155. Suppose y = -46*s + 48*s - 1194. What are the prime factors of s?
3, 199
Let b = -42 + 39. Let d be 40/b*(-2976)/80. Let l = -332 + d. What are the prime factors of l?
2, 41
Suppose -21331 = -4*o + 5*r, -4*o - 3*r = -26461 + 5122. List the prime factors of o.
2, 3, 7, 127
Suppose -2*o + 62 = 4*l - 156, 4*l - 215 = -5*o. Suppose 36*s - l*s = -23408. List the prime factors of s.
2, 7, 11
What are the prime factors of (-6)/24*2*(-9769 + 3)?
19, 257
Let a(q) = 1092*q - 20. Let l be a(2). Suppose 57*z - l = 55*z. What are the prime factors of z?
2, 541
Suppose 4*x + 3049 + 1279 = 4*z, -5*x - 1070 = -z. Let d = -636 + z. List the prime factors of d.
449
Suppose 28*u + 18 = 31*u. List the prime factors of u + -5 + 2 - -281.
2, 71
Let k = 4715 + -419. What are the prime factors of k?
2, 3, 179
Suppose -11*f + 62985 = -27204. List the prime factors of f.
3, 911
Suppose -11*i + 43*i - 26*i - 198846 = 0. List the prime factors of i.
3, 11047
Let v = -132 - -168. Let b = v + -36. Suppose b = 16*k - 13*k - 444. List the prime factors of k.
2, 37
Let j(l) = 5*l**3 + 7*l**2 + 2*l + 19. Let x(c) = c**3 - c**2 - c + 1. Let d(k) = j(k) - 4*x(k). Let q = 45 - 54. What are the prime factors of d(q)?
3, 41
List the prime factors of 749785/(-51)*9/(-15).
8821
Let p(y) = 5*y**2 + 33*y + 10. Let h be p(11). Let c = h + -568. What are the prime factors of c?
2, 5, 41
Let p = 169 - 171. List the prime factors of (13158/(-36))/(1/p).
17, 43
Suppose 49*k = 462566 + 302030. List the prime factors of k.
2, 47, 83
Suppose 33 = 3*c - 42. Suppos